52
What is the remainder when 34599 is divided by 33726?
873
What is the remainder when 1245321 is divided by 5?
1
Calculate the remainder when 448577 is divided by 3205.
3082
Calculate the remainder when 425193 is divided by 163.
89
Calculate the remainder when 1070225 is divided by 414.
35
What is the remainder when 2865482 is divided by 220?
202
What is the remainder when 181037 is divided by 13796?
1689
What is the remainder when 27170186 is divided by 18?
14
What is the remainder when 30726573 is divided by 146?
143
Calculate the remainder when 725040 is divided by 6360.
0
Calculate the remainder when 555435 is divided by 1216.
939
Calculate the remainder when 1413404 is divided by 1154.
908
What is the remainder when 6104511 is divided by 1684?
11
What is the remainder when 9930169 is divided by 68?
61
What is the remainder when 12146614 is divided by 137?
57
What is the remainder when 249256 is divided by 72?
64
What is the remainder when 241313 is divided by 1814?
51
What is the remainder when 40558460 is divided by 1163?
1161
What is the remainder when 89623729 is divided by 9486?
1
Calculate the remainder when 629121 is divided by 522.
111
What is the remainder when 164637 is divided by 82303?
31
Calculate the remainder when 7790 is divided by 4033.
3757
What is the remainder when 23692 is divided by 206?
2
Calculate the remainder when 11469468 is divided by 126038.
10
What is the remainder when 1314662 is divided by 2148?
86
What is the remainder when 7737488 is divided by 135?
98
Calculate the remainder when 5745478 is divided by 718181.
30
What is the remainder when 778934 is divided by 51927?
29
Calculate the remainder when 935753 is divided by 187132.
93
Calculate the remainder when 5264567 is divided by 17.
7
What is the remainder when 267376 is divided by 66843?
4
Calculate the remainder when 14823249 is divided by 65.
64
Calculate the remainder when 6212080 is divided by 181.
160
Calculate the remainder when 7892057 is divided by 20714.
23
What is the remainder when 3032017 is divided by 13416?
1
Calculate the remainder when 47263357 is divided by 7877224.
13
What is the remainder when 65643 is divided by 1131?
45
What is the remainder when 4768848 is divided by 2557?
43
What is the remainder when 7408673 is divided by 7408655?
18
What is the remainder when 9106590 is divided by 3035515?
45
What is the remainder when 815407 is divided by 271699?
310
What is the remainder when 242530 is divided by 242382?
148
What is the remainder when 22112873 is divided by 68?
21
Calculate the remainder when 1202909 is divided by 245.
204
Calculate the remainder when 500424 is divided by 3791.
12
What is the remainder when 183399906 is divided by 21?
18
What is the remainder when 278204008 is divided by 1579?
1577
Calculate the remainder when 104737 is divided by 6351.
3121
Calculate the remainder when 1486793 is divided by 24.
17
What is the remainder when 1139115 is divided by 4127?
63
Calculate the remainder when 79147578 is divided by 326.
320
What is the remainder when 160342385 is divided by 313?
310
Calculate the remainder when 401696 is divided by 56906.
3354
Calculate the remainder when 101984 is divided by 14373.
1373
What is the remainder when 746042835 is divided by 11?
10
Calculate the remainder when 111068 is divided by 131.
111
Calculate the remainder when 1407229 is divided by 768.
253
What is the remainder when 149678 is divided by 220?
78
Calculate the remainder when 1459145 is divided by 350.
345
What is the remainder when 739349 is divided by 226?
103
Calculate the remainder when 1065694 is divided by 96575.
3369
What is the remainder when 10696631 is divided by 7?
1
Calculate the remainder when 282364971 is divided by 3727.
3724
Calculate the remainder when 104082580 is divided by 1544.
1540
Calculate the remainder when 1194984 is divided by 4.
0
Calculate the remainder when 3729724 is divided by 310807.
40
What is the remainder when 50847881 is divided by 17?
14
Calculate the remainder when 355266909 is divided by 1092.
1089
What is the remainder when 19778509 is divided by 177?
175
Calculate the remainder when 1592627 is divided by 106154.
317
Calculate the remainder when 5968 is divided by 4047.
1921
What is the remainder when 1149733 is divided by 5501?
24
Calculate the remainder when 268842 is divided by 1065.
462
What is the remainder when 1127486 is divided by 70?
66
Calculate the remainder when 874286 is divided by 492.
2
Calculate the remainder when 76267 is divided by 1200.
667
Calculate the remainder when 4262286 is divided by 55.
6
Calculate the remainder when 150258847 is divided by 2830.
2827
Calculate the remainder when 30274 is divided by 5977.
389
What is the remainder when 3390499 is divided by 552?
115
What is the remainder when 554183 is divided by 809?
18
What is the remainder when 618368 is divided by 2444?
36
What is the remainder when 281385928 is divided by 24?
16
Calculate the remainder when 36546 is divided by 4533.
282
What is the remainder when 119159 is divided by 1698?
299
Calculate the remainder when 6075 is divided by 2842.
391
Calculate the remainder when 534050 is divided by 3034.
66
What is the remainder when 30704 is divided by 3835?
24
What is the remainder when 2893006 is divided by 23144?
6
Calculate the remainder when 76582 is divided by 2408.
1934
Calculate the remainder when 6993756 is divided by 686.
672
What is the remainder when 32365309 is divided by 482?
455
Calculate the remainder when 50353445 is divided by 13.
12
Calculate the remainder when 6984 is divided by 2190.
414
What is the remainder when 11823532 is divided by 185?
182
Calculate the remainder when 1693108 is divided by 2960.
2948
Calculate the remainder when 1571813 is divided by 34.
27
Calculate the remainder when 40122511 is divided by 45.
16
Calculate the remainder when 77286021 is divided by 244.
241
What is the remainder when 12977 is divided by 12326?
651
Calculate the remainder when 682729605 is divided by 11784.
11781
Calculate the remainder when 73810494 is divided by 6710044.
10
Calculate the remainder when 843350 is divided by 710.
580
What is the remainder when 281326 is divided by 541?
6
What is the remainder when 16908 is divided by 14061?
2847
What is the remainder when 1158055 is divided by 23161?
5
Calculate the remainder when 32273 is divided by 7602.
1865
Calculate the remainder when 405544 is divided by 1004.
932
What is the remainder when 3490073 is divided by 3489961?
112
What is the remainder when 230196 is divided by 32850?
246
Calculate the remainder when 3518414 is divided by 131.
16
Calculate the remainder when 3316813 is divided by 409.
232
What is the remainder when 91058182 is divided by 1596?
1594
What is the remainder when 58575 is divided by 3252?
39
What is the remainder when 38606 is divided by 508?
506
Calculate the remainder when 6411631 is divided by 231.
226
Calculate the remainder when 47066148 is divided by 33.
30
Calculate the remainder when 24103 is divided by 8025.
28
What is the remainder when 1952317 is divided by 1952287?
30
What is the remainder when 135743589 is divided by 990829?
16
Calculate the remainder when 1577916 is divided by 5480.
5156
Calculate the remainder when 259365 is divided by 1328.
405
What is the remainder when 4532 is divided by 1628?
1276
Calculate the remainder when 950270 is divided by 184.
94
What is the remainder when 8688980 is divided by 733?
731
What is the remainder when 502148 is divided by 10396?
3140
What is the remainder when 120317042 is divided by 120?
2
Calculate the remainder when 319231 is divided by 2182.
659
What is the remainder when 249407 is divided by 2445?
17
Calculate the remainder when 39377151 is divided by 44.
11
What is the remainder when 87283 is divided by 378?
343
What is the remainder when 4447912 is divided by 180?
112
What is the remainder when 710018 is divided by 732?
710
Calculate the remainder when 555670 is divided by 548.
546
What is the remainder when 349379 is divided by 87135?
839
Calculate the remainder when 465402 is divided by 116349.
6
Calculate the remainder when 54435477 is divided by 3260.
3257
Calculate the remainder when 2079039 is divided by 15175.
64
What is the remainder when 363364 